s divided by n?
2
Suppose -4*w = -9*w - 190. Let j = w - -77. What is the remainder when j is divided by 21?
18
Suppose 8*k - 4*k + 16 = 0. Suppose 5*v = -5*z + 10, z - 6*z - 32 = -v. Let h = k + v. What is the remainder when h is divided by 1?
0
Suppose -v + 1 + 5 = 3*i, -4 = -4*v - 2*i. Suppose 4*y + v*y - 8 = 0. What is the remainder when y is divided by 1?
0
Let u = -15 - -34. What is the remainder when u/((-3)/12*-2) is divided by 10?
8
Let h(d) = 3*d - 2. What is the remainder when h(2) is divided by 2?
0
Let h = -360 - -534. Let d = h + -116. Calculate the remainder when d is divided by 15.
13
Let p(a) = 2*a**2 + 4. Let y = -13 - -9. Suppose -3*z = -5*s - 82, 4*z + 6 - 97 = 3*s. Calculate the remainder when p(y) is divided by z.
17
Let g be 95/(-15)*6*-1. Let d = 3 + g. Calculate the remainder when d is divided by 22.
19
Suppose -4*a + 2*x + 30 = 0, 0 = -a + x + 1 + 7. Let b(q) = -q**3 + 6*q**2 - 6*q + 5. Let p be b(5). What is the remainder when 2*(5 + p + 1) is divided by a?
5
Let w be (6 - 10)*1/(-2). Calculate the remainder when 9 is divided by (9 + -14)*(-2)/w.
4
Suppose h = 2*h - q + 2, -5*q + 19 = -2*h. Suppose 0 = -3*n + n, -4*j + 48 = h*n. What is the remainder when 34 is divided by j?
10
Suppose 0 = 5*n - 10*n + 30. What is the remainder when ((-2)/(-3))/(n/45) is divided by 3?
2
Suppose 4*m - 2*m - 128 = 0. What is the remainder when m is divided by 33?
31
Let k = -54 - -77. Suppose -3*b + 4*v - 7 = 0, 0*v = -4*b + 4*v - 8. What is the remainder when k is divided by (1*24/(-2))/b?
11
Let u be (-4)/18 - 665/45. Let x = 25 + u. Suppose -5*i = -x*i + 25. Calculate the remainder when 14 is divided by i.
4
Let s = 90 + -39. Calculate the remainder when 251 is divided by s.
47
Suppose 50 = 5*o - 5*x - 10, x = -2. Let j = 17 - o. What is the remainder when 26 is divided by j?
5
Let j = 143 - 103. Let v = 49 + -35. Calculate the remainder when j is divided by v.
12
Let f = 34 - 18. Calculate the remainder when 46 is divided by f.
14
Suppose -4*z = 2*u - 14, -4*u + 0*u = -4*z + 32. Suppose -49 = z*b - 314. What is the remainder when b is divided by 18?
17
Let i = -4 - -7. Let n(b) = b**3 - 7*b**2 + 6*b - 5. Let z be n(4). Let k = -21 - z. Calculate the remainder when k is divided by i.
2
Suppose -280 = 2*u - 10*u. What is the remainder when u is divided by 1/(((-4)/(-2))/18)?
8
Let w be (4/(-6))/(2/3). Let b = 10 - w. Calculate the remainder when 54 is divided by b.
10
Suppose -3*b + 21 = -l, -5*b - 3*l = l - 18. Let n(r) = 0 + 0 - r**2 + 7*r + 3. Calculate the remainder when 25 is divided by n(b).
7
Suppose -h + 15 = -5. Calculate the remainder when 77 is divided by h.
17
Let v = -37 - -75. What is the remainder when v is divided by (-58)/(-3) - 2/(-3)?
18
Let b(s) = 2 - 1 + 14*s - 7*s. Suppose 3*p + 4*u - 11 = 4, 2*u = -2*p + 12. Calculate the remainder when b(2) is divided by p.
6
Suppose u - 2*u = -5. Suppose -v + 2*j = -73, 2*v = 3*v + u*j - 80. What is the remainder when v is divided by 26?
23
Let z = -4 + 17. Calculate the remainder when 35 is divided by z.
9
Let f(g) = -g**3 - 10*g**2 - 2*g - 8. Let z be f(-10). Calculate the remainder when (6/(-15))/(6/(-615)) is divided by -1 + z + (0 - 0).
8
Let b(p) = -8*p - 16. What is the remainder when 159 is divided by b(-6)?
31
Suppose 4*a = 5*a. Let d = -1 - a. Let c(s) = -11*s - 1. Calculate the remainder when 18 is divided by c(d).
8
Suppose 4*y - 61 = -13. Let q(t) = t**3 - 2*t**2 + 3*t + 4. What is the remainder when q(3) is divided by y?
10
Let f = -63 - -18. Let i = -21 - f. Calculate the remainder when i is divided by -39*((-8)/(-6))/(-4).
11
Let t(y) = y**3 + 19*y**2 + 28*y - 24. Calculate the remainder when t(-17) is divided by 10.
8
Let v(p) = p + 2. What is the remainder when v(0) is divided by 0 - (-3)/((-3)/(-2))?
0
Let l = -1 - -3. Suppose -l*h + 6 = h. Suppose h*t - 30 = -0*t. What is the remainder when 43 is divided by t?
13
Suppose -2*x - 373 = 557. What is the remainder when ((-4)/5)/(6/x) is divided by 16?
14
Let o(f) = f**2 - 10*f + 9. What is the remainder when 218 is divided by o(11)?
18
Let o(j) = -3*j**3 + 21*j**2 + 11*j - 15. What is the remainder when o(7) is divided by 18?
8
Let v(t) = -t**3 - 11*t**2 - 11*t - 4. Calculate the remainder when 10 is divided by v(-10).
4
Let u(t) = 5*t + 4. Let n be u(-8). Let d = n - -83. Calculate the remainder when d is divided by 12.
11
Let l(u) = -10*u - 2. Let v be l(-3). Suppose 3*m = 4*z - 0*m - 157, 3*m + v = z. What is the remainder when z is divided by 22?
21
Let u(b) be the second derivative of -5*b**3/2 - b**2/2 + b. Let q(t) = t - 5. Let r be q(4). What is the remainder when 41 is divided by u(r)?
13
Let j(g) = 4*g**2 - 3*g. Suppose 0 = 5*b + 20, 101 = 3*y - 3*b - 2*b. Calculate the remainder when j(4) is divided by y.
25
Suppose 66 = -0*w - 3*w. What is the remainder when (w/(-3))/(3/9) is divided by 6?
4
Let j = 88 + -48. Calculate the remainder when j is divided by 11.
7
Let j = -8 - -9. Suppose 0 = 5*a + 3*z - 4, -a - 2*z - j = 1. Suppose -h + 0*f + f = 2, f + 4 = 4*h. Calculate the remainder when h is divided by a.
0
Let i be 1*(-61)/(-3)*3. Suppose -5*a + i = -4. Calculate the remainder when 49 is divided by a.
10
Suppose -3*p + 114 = -2*p. Calculate the remainder when p is divided by 29.
27
Suppose 2*g = -5*s, 7*g - 2*g - 21 = -2*s. What is the remainder when 14 is divided by (1 + 1)*(g - 1)?
6
What is the remainder when 13 is divided by (-54)/(-13) - 8/52?
1
Suppose -2*p + 4*g + 14 = 6*g, 0 = -3*p - 2*g + 24. Let k = 6 + 0. What is the remainder when 436/16 - k/(-8) is divided by p?
8
Suppose 24 + 9 = d. Suppose -11*u + 108 = -2*u. Calculate the remainder when d is divided by u.
9
Suppose -2*p - 4*x = -x - 90, 5*x = 5*p - 250. Calculate the remainder when p is divided by 10.
8
Let i be ((-8)/(-3))/(4/6). Let f(x) = -x**3 + 5*x**2 + 1. What is the remainder when f(i) is divided by 9?
8
Let t(n) = -n**2 + 6*n + 4. Let p be t(6). Suppose 8 = 3*r - p. Suppose 6 = -g + 4*g. Calculate the remainder when r is divided by g.
0
Calculate the remainder when (245/(-10))/(2/(-4)) is divided by 17.
15
Suppose -r + 2*c + 18 = 0, 2*r - c - 6 = 42. Let n = -61 + 75. What is the remainder when r is divided by n?
12
Let i(c) = c**2 + 3*c + 3*c - 7*c + 0 - 1. Let k be (1 - 1) + (-7 - -2). What is the remainder when i(k) is divided by 10?
9
Suppose 25 = 4*r - 15. What is the remainder when (-152)/(-6)*3/2 is divided by r?
8
Let l = -21 - -147. Let q = l + -58. Suppose -p = -2*d + 34, q = 4*d - 2*p - p. Calculate the remainder when 33 is divided by d.
16
Let k be (-6)/(-4)*30/9. Suppose k*t - 31 = 39. What is the remainder when 41 is divided by t?
13
Let m(o) = o**2 - 8*o + 14. Calculate the remainder when 41 is divided by m(8).
13
Suppose -3*w + 3*l - 162 = 12, -131 = 2*w - 5*l. Let r = -28 - w. Suppose -4*k - r + 197 = 0. Calculate the remainder when k is divided by 11.
10
Suppose b + z - 23 = 0, 7*b - 4*z = 4*b + 104. What is the remainder when b is divided by 11?
6
Let i = -11 - -24. Calculate the remainder when 49 is divided by i.
10
Let z = 315 - 206. Calculate the remainder when z is divided by 22.
21
Calculate the remainder when 2 - (0 - -1) - 352/(-4) is divided by 45.
44
Suppose 66 = 8*g - 5*g. Suppose 2*i + 6 - g = 0. What is the remainder when 31 is divided by i?
7
Let g(l) = 3*l - 5. Let f be 6/(-5)*(-20)/8. Suppose 1 = -f*p + 13. What is the remainder when 12 is divided by g(p)?
5
Suppose 0*x = -3*x + 3*p, -x - p = -2. What is the remainder when 55 is divided by (3 - x)*19/2?
17
Suppose 6*w - 9 = 3*w. Let i(v) = 2*v**2 - 3*v. Let o be i(2). Suppose o*n - 18 = 2. Calculate the remainder when n is divided by w.
1
Suppose 4*o + w + 84 = 0, 3*o + 5*w + 68 = 3*w. Suppose 6*k + 88 = 8*k. Let a = k + o. Calculate the remainder when a is divided by 13.
11
Suppose 5*y = -25, -40 = -4*i - i + 4*y. Calculate the remainder when 9 is divided by i.
1
What is the remainder when (-988)/(-28) + 2 - (-6)/(-21) is divided by 9?
1
Let d = 17 - 11. Calculate the remainder when 78/2 - d/(-2) is divided by 11.
9
Let v = -8 + 19. Let q(z) = 3*z**2 + 3*z + 3. What is the remainder when q(-3) is divided by v?
10
Let d(n) = -n**3 - 7*n**2 - 8*n + 5. What is the remainder when d(-6) is divided by 6?
5
Let v = -4 - -6. Let u(l) be the s